 289454.
1298
What is the greatest common divisor of 36660 and 2778076?
188
Calculate the greatest common factor of 4228 and 497971726.
2114
What is the highest common factor of 10 and 648340970?
10
Calculate the highest common factor of 69904 and 18.
2
Calculate the greatest common divisor of 230894837 and 74.
37
Calculate the greatest common factor of 489538 and 1551907.
511
Calculate the greatest common divisor of 1825 and 1606.
73
What is the greatest common factor of 304 and 261736096?
304
Calculate the highest common divisor of 3181206 and 3738.
42
What is the highest common divisor of 34611 and 284856?
249
Calculate the highest common divisor of 150 and 4331913.
3
Calculate the greatest common factor of 3931829 and 6161.
101
What is the greatest common divisor of 77421862 and 7856?
982
What is the greatest common factor of 47738788 and 1241?
1241
Calculate the highest common factor of 1524135 and 11984745.
10965
Calculate the highest common divisor of 161 and 95473.
161
What is the greatest common factor of 596871 and 28710?
99
What is the greatest common factor of 148840160 and 7?
7
What is the highest common factor of 1715320 and 3705994?
4514
Calculate the highest common divisor of 4465 and 40508266.
893
Calculate the highest common divisor of 3509793 and 4578.
21
What is the greatest common divisor of 282917608 and 16?
8
Calculate the highest common divisor of 6562736 and 80.
16
What is the highest common divisor of 6127 and 468954453?
6127
What is the greatest common factor of 228 and 141888?
12
What is the highest common factor of 9684756 and 18468?
684
Calculate the highest common divisor of 115198 and 1998372.
482
Calculate the highest common divisor of 1251513 and 8655.
1731
Calculate the highest common divisor of 88695432 and 42.
42
Calculate the highest common divisor of 3258 and 3427686.
18
Calculate the greatest common factor of 198846484 and 153.
17
Calculate the greatest common factor of 1742454 and 2814.
42
What is the highest common divisor of 101361 and 1398423?
897
What is the greatest common divisor of 510 and 882538?
34
Calculate the highest common factor of 326775876 and 6.
6
Calculate the greatest common factor of 1038272 and 1824.
32
Calculate the highest common divisor of 513 and 32103.
27
Calculate the greatest common factor of 161268 and 1099506.
534
What is the highest common divisor of 3264757 and 251?
251
What is the highest common factor of 676531 and 5537?
113
Calculate the greatest common factor of 1027 and 5293.
79
Calculate the highest common divisor of 9772977 and 391.
17
What is the highest common factor of 14376 and 43080?
24
What is the highest common divisor of 290 and 155920472?
58
What is the highest common divisor of 7033221 and 7332?
1833
What is the greatest common factor of 657941 and 24070?
83
Calculate the highest common divisor of 6770 and 250486615.
3385
Calculate the highest common factor of 1050502 and 1039186.
1886
What is the highest common factor of 14905 and 2645?
5
Calculate the highest common divisor of 33 and 2828076.
3
Calculate the greatest common divisor of 237 and 10040979.
237
Calculate the highest common divisor of 2 and 38220747.
1
Calculate the greatest common divisor of 5725363 and 2296.
287
What is the greatest common divisor of 2 and 7387682?
2
What is the greatest common divisor of 22 and 61312702?
22
What is the greatest common factor of 144630 and 627930?
90
What is the highest common factor of 4237 and 266779?
19
Calculate the greatest common factor of 22 and 103437323.
11
What is the highest common factor of 735 and 87596222?
49
What is the greatest common divisor of 300 and 3436260?
60
Calculate the greatest common factor of 54840209 and 55583.
5053
What is the greatest common factor of 2620730 and 6206?
58
What is the greatest common divisor of 442 and 4174859?
13
What is the greatest common divisor of 5441536 and 7971?
2657
Calculate the greatest common factor of 23945295 and 25.
5
Calculate the highest common divisor of 798914 and 1930324.
4618
What is the greatest common divisor of 747235 and 6431?
59
What is the highest common factor of 168 and 57049692?
84
What is the highest common factor of 7855 and 7345?
5
What is the highest common divisor of 30 and 460856370?
30
Calculate the greatest common factor of 1116 and 15651126.
18
Calculate the highest common divisor of 4415 and 2283438.
883
Calculate the greatest common factor of 747169 and 209773.
2357
Calculate the highest common factor of 232 and 1287339.
29
What is the highest common divisor of 43245933 and 2120?
53
What is the greatest common divisor of 182137 and 10304?
23
Calculate the highest common divisor of 44000904 and 5208.
744
What is the greatest common divisor of 520512 and 16?
16
Calculate the greatest common divisor of 93060254 and 230.
46
What is the greatest common divisor of 170 and 2417315?
85
Calculate the highest common factor of 398140 and 3196.
68
Calculate the greatest common factor of 65170677 and 949.
949
Calculate the greatest common factor of 30388562 and 554.
554
Calculate the highest common divisor of 30743 and 752554.
433
Calculate the highest common factor of 147602 and 2954.
14
Calculate the greatest common divisor of 1127 and 1094133.
23
What is the highest common divisor of 147877 and 437?
19
Calculate the highest common factor of 3796 and 47577166.
1898
What is the greatest common divisor of 944 and 14344139?
59
What is the greatest common divisor of 528088 and 4995144?
1496
What is the highest common factor of 4624988 and 94?
94
Calculate the highest common divisor of 2227022 and 14.
14
Calculate the greatest common divisor of 362769 and 9768.
33
What is the greatest common divisor of 963 and 2767127?
107
What is the greatest common divisor of 2406194 and 56?
14
Calculate the greatest common factor of 4807992 and 1904.
56
What is the highest common divisor of 1072 and 82187024?
1072
Calculate the greatest common factor of 504115640 and 140.
140
What is the greatest common factor of 1270404 and 27?
27
Calculate the highest common factor of 2001521 and 430.
43
Calculate the highest common factor of 200 and 679775.
25
What is the greatest common divisor of 1378 and 399776?
26
What is the greatest common divisor of 25419348 and 24?
12
Calculate the highest common factor of 428868 and 96156.
36
Calculate the greatest common divisor of 3667 and 472473.
19
What is the highest common factor of 634023 and 6147?
9
What is the highest common factor of 5475 and 33522549?
219
Calculate the highest common factor of 80 and 4042496.
16
What is the highest common factor of 674046 and 1692?
18
What is the greatest common divisor of 22819362 and 236009?
3869
What is the greatest common factor of 3175 and 2918275?
25
What is the highest common factor of 3377 and 24299?
11
Calculate the highest common divisor of 6034625 and 14375.
2875
Calculate the greatest common factor of 180429 and 13961517.
1317
Calculate the highest common divisor of 64 and 414362176.
64
Calculate the highest common divisor of 134002 and 689546.
22
Calculate the greatest common divisor of 82006 and 149614.
626
What is the greatest common divisor of 108735672 and 24276?
3468
What is the highest common divisor of 478 and 2428687886?
478
Calculate the greatest common divisor of 14217032 and 33728.
136
Calculate the greatest common factor of 15939 and 594803.
253
Calculate the highest common factor of 9238 and 86718.
298
Calculate the highest common divisor of 225 and 580425.
75
What is the greatest common divisor of 155652722 and 415?
83
Calculate the greatest common factor of 14190660 and 32505.
165
What is the greatest common divisor of 1010000 and 67400?
200
Calculate the greatest common divisor of 105488 and 1442176.
304
Calculate the highest common divisor of 7 and 5091023.
7
Calculate the highest common divisor of 8512 and 912231040.
8512
What is the highest common divisor of 568480 and 7733?
209
Calculate the greatest common divisor of 8219101 and 24541.
1067
What is the greatest common factor of 658409 and 259625?
2077
Calculate the greatest common factor of 13846 and 19978.
14
Calculate the highest common factor of 24280 and 15876085.
3035
Calculate the highest common factor of 507 and 208039.
169
What is 